 f(r) = 1708*r + 780753. What is f(-457)?
197
Let o(m) = 8*m**2 + 357*m + 1008. Give o(-3).
9
Let a(c) = -4*c**2 + 5411*c - 37683. Give a(7).
-2
Let i(z) = -48*z**3 - 5186*z**2 - 219*z - 453. Give i(-108).
-129
Let a(j) = -126*j - 3414. Give a(-38).
1374
Let l(g) = g**2 - 2528*g + 478317. Determine l(206).
-15
Let l(n) = -378*n**3 - 3025*n**2 - 56*n - 400. What is l(-8)?
-16
Let u(h) = 897*h**2 - 6254*h - 25. What is u(7)?
150
Let w(h) = 138*h - 834. Calculate w(7).
132
Let r(u) = -u**3 - 22*u**2 - 139*u - 183. What is r(-18)?
1023
Let f(m) = 35726*m + 1321864. What is f(-37)?
2
Let o(t) = -2*t**2 + 357*t - 7377. Determine o(25).
298
Let j(b) = 590*b - 40862. Give j(69).
-152
Let f(c) = 61030*c**2 + 1037510*c + 7. Give f(-17).
7
Let g(p) = -5*p**2 - 297*p - 2576. Determine g(-11).
86
Let u(g) = g**3 - 546*g**2 - 170*g - 6. Give u(0).
-6
Let a(l) = -170459*l - 1192723. Calculate a(-7).
490
Let b(n) = 2117*n**2 + 91046*n + 638. Give b(-43).
-7
Let j(h) = 2758*h + 455076. What is j(-165)?
6
Let b(n) = 87*n**2 + 12297*n + 4232. Determine b(-141).
2
Let y(p) = 42579*p - 85104. Determine y(2).
54
Let z(v) = 269*v**2 - 5282*v + 3284. Determine z(19).
35
Let k(z) = 3855*z + 16467. What is k(-4)?
1047
Let w(h) = -7*h**3 + 48*h**2 + 79*h - 16. Calculate w(-2).
74
Let h(u) = 1157*u + 8650. Determine h(-8).
-606
Let f(g) = 29837*g - 89508. Give f(3).
3
Let h(n) = -28*n**3 + 83*n**2 - 529*n + 1577. What is h(3)?
-19
Let j(o) = 53*o + 144. Determine j(13).
833
Let c(z) = -2809*z - 334273. Determine c(-119).
-2
Let o(d) = -222*d**3 - 9989*d**2 + 39*d - 268. Give o(-45).
2
Let u(o) = -o**3 - 4*o**2 + 136*o + 92. What is u(-15)?
527
Let z(l) = -6*l**2 - 1184*l + 24649. Give z(19).
-13
Let u(l) = 22*l**2 + 2228*l - 1658. Calculate u(-102).
-26
Let s(k) = -k**2 + 1265*k + 6334. What is s(-5)?
-16
Let l(g) = g**2 + 1280*g - 46011. Calculate l(35).
14
Let n(x) = -39*x**2 - 1072*x - 529. Give n(-27).
-16
Let y(t) = t**2 - 504*t + 6300. Determine y(13).
-83
Let s(w) = -982*w - 162030. What is s(-165)?
0
Let d(p) = -7*p**2 + 118*p + 791. What is d(-8)?
-601
Let f(z) = -263*z - 66760. Calculate f(-254).
42
Let c(r) = 762*r + 854. Give c(1).
1616
Let o(q) = -51*q**2 + 8110*q - 130. Give o(159).
29
Let w(s) = 930*s - 46978. Give w(56).
5102
Let c(q) = -3095310*q + 24762487. Determine c(8).
7
Let q(o) = 222*o - 660. Determine q(6).
672
Let p(l) = 28310*l - 764372. What is p(27)?
-2
Let k(w) = -w**2 - 8*w + 776. Determine k(-72).
-3832
Let p(r) = -r**3 + 357*r**2 + 1129*r + 169. Give p(-3).
22
Let g(w) = 2*w**2 - 14*w - 633. Determine g(-13).
-113
Let q(o) = 2*o**3 + 49*o**2 - 42*o + 643. Give q(-27).
-1868
Let u(b) = 505*b**2 + 3530*b + 11. What is u(-7)?
46
Let i(d) = -8210*d + 41336. Give i(5).
286
Let q(d) = 18143*d - 18140. Determine q(1).
3
Let t(o) = 207*o - 25512. Determine t(122).
-258
Let r(h) = -74*h**2 - 142*h + 220. What is r(-3)?
-20
Let v(g) = 2*g**3 + 15*g**2 + 644*g + 6264. Determine v(-10).
-676
Let c(g) = -20671*g - 661897. Determine c(-32).
-425
Let h(i) = -i**2 + 11797*i - 552264. What is h(47)?
-14
Let c(z) = 2*z**2 - 332*z + 12702. What is c(61)?
-108
Let l(q) = q**3 + 352*q**2 + 6618*q - 15. Determine l(-20).
425
Let z(g) = 8*g**3 + 700*g**2 - 23053*g - 111. Calculate z(-113).
2
Let q(t) = 70*t**2 + 763*t + 2279. Calculate q(-3).
620
Let y(i) = 2*i**3 - 14*i**2 + 109*i - 68. Give y(9).
1237
Let n(m) = 173*m**2 + 2242*m - 99. Determine n(-13).
-8
Let n(r) = 434*r + 110242. Calculate n(-254).
6
Let k(q) = 211707*q - 1270217. What is k(6)?
25
Let q(t) = 543*t + 180842. What is q(-333)?
23
Let b(f) = -f**3 - 43*f**2 - 9112*f - 26970. Give b(-3).
6
Let o(s) = 56*s + 2606. Calculate o(-30).
926
Let s(u) = 1136*u + 15666. Calculate s(-13).
898
Let y(l) = -11*l**2 + 345*l - 217. What is y(31)?
-93
Let o(f) = f**3 + 66*f**2 - 1017*f - 63600. What is o(-67)?
50
Let v(s) = -152*s**2 - 419*s + 2. What is v(-4)?
-754
Let k(s) = -11*s**2 - 5291*s - 15823. Determine k(-3).
-49
Let j(b) = -156*b**2 - 29639*b + 66. What is j(-190)?
-124
Let t(r) = 15*r**2 - 1897*r + 59960. Calculate t(62).
6
Let l(n) = 132*n**2 + 1597*n + 1591. Determine l(-11).
-4
Let p(m) = 53120*m + 531196. Determine p(-10).
-4
Let z(j) = 3*j**2 + 270*j + 1451. What is z(-85)?
176
Let l(f) = -5228*f - 329442. What is l(-63)?
-78
Let y(v) = v**2 + 115181*v + 921405. Give y(-8).
21
Let w(g) = g**2 + 42300*g - 719538. Calculate w(17).
-149
Let m(g) = 2*g**2 - 373*g + 10225. What is m(155)?
460
Let c(l) = 38*l**3 - 347*l**2 - 345*l + 157. What is c(10)?
7
Let b(i) = 974*i - 4556. Give b(5).
314
Let o(q) = -5*q**2 + 10*q + 54. What is o(15)?
-921
Let t(f) = -39129*f - 80081. Give t(-2).
-1823
Let a(s) = -122*s + 33902. Calculate a(278).
-14
Let z(f) = -72943*f - 1166979. What is z(-16)?
109
Let v(b) = -2922*b - 140238. Give v(-48).
18
Let h(k) = 3*k**3 + 286*k**2 + 5156*k + 31. Give h(-24).
-449
Let h(t) = -4*t**3 + 219*t**2 - 6673*t + 370037. What is h(55)?
-3
Let f(t) = -3*t**3 + 316*t**2 - 131*t + 322. What is f(105)?
-2408
Let k(j) = -j**2 + 15737*j - 330041. Give k(21).
-5
Let m(k) = k**2 + 4865*k + 283558. Calculate m(-59).
4
Let r(u) = -608*u**2 - 10937*u + 145. Give r(-18).
19
Let h(o) = -656*o + 6890. Calculate h(13).
-1638
Let o(t) = 3129*t - 6137. Determine o(2).
121
Let y(g) = -42*g**2 + 4384*g + 252. Calculate y(105).
-2478
Let c(g) = 321*g**2 - 27*g - 8. Determine c(-1).
340
Let f(z) = 2*z**3 + 35*z**2 + 76*z - 150. Give f(-14).
158
Let x(j) = -6*j**2 + 45*j + 3833. What is x(-22)?
-61
Let n(j) = 4*j**2 + 674*j + 2967. What is n(-164)?
15
Let h(t) = -14*t**3 - 7210*t**2 + 7211*t - 4. Determine h(1).
-17
Let v(y) = -9*y**3 + 125*y**2 - 15*y + 420. What is v(14)?
14
Let i(w) = 39*w**3 - 90*w**2 + 14*w - 12. Determine i(4).
1100
Let h(k) = 362*k**3 - 7611*k**2 + 191*k - 62. Calculate h(21).
-20
Let d(r) = r**3 - 101*r**2 + 603*r - 150. What is d(6)?
48
Let p(k) = -752*k + 7318. Calculate p(11).
-954
Let a(n) = -2*n**2 + 390*n - 12377. Determine a(40).
23
Let i(j) = 162*j + 246. Give i(8).
1542
Let d(b) = b**3 - 67*b**2 + 893*b + 852. Determine d(48).
-60
Let m(f) = 15098*f + 1638. Calculate m(0).
1638
Let l(s) = 5*s**2 + 88*s - 1515. Give l(16).
1173
Let k(p) = 559*p - 13998. Calculate k(26).
536
Let w(d) = -3*d**3 + 548*d**2 + 276*d - 17113. What is w(183)?
-94
Let x(p) = -3501*p + 59515. Give x(17).
-2
Let z(s) = s**2 - 435*s - 7298. What is z(-16)?
-82
Let n(p) = -11994*p - 75121. Determine n(-6).
-3157
Let i(a) = -7812*a**2 - 374975*a - 45. What is i(-48)?
-93
Let k(z) = -11376*z**2 - 113772*z - 134. Give k(-10).
-14
Let d(v) = -4633*v - 18517. What is d(-4)?
15
Let s(g) = -24*g**3 - 16*g**2 - 11*g + 11. What is s(2)?
-267
Let x(j) = -921*j - 12075. Determine x(-13).
-102
Let k(n) = -133204*n - 266406. Give k(-2).
2
Let s(z) = -z**3 - 37*z**2 - 62*z + 226. Give s(-35).
-54
Let n(l) = 2*l**3 - 170*l**2 - 3819*l + 11426. Give n(103).
-7
Let k(p) = 28*p**2 + 579*p - 1685. What is k(-25)?
1340
Let z(n) = -39666*n + 2340201. Determine z(59).
-93
Let i(v) = 2*v**2 - 208863*v + 626564. What is i(3)?
-7
Let z(s) = 29*s**3 - 61*s**2 - 85*s. Determine z(3).
-21
Let k(s) = -2*s**2 - 45528*s + 273236. Calculate k(6).
-4
Let w(t) = -3*t**2 + 4351*t + 26197. What is w(-6)?
-17
Let j(o) = 23*o**2 - 485*o + 8. Determine j(22).
470
Let p(n) = 2*n**3 - 7*n**2 - 213*n - 103. Give p(-8).
129
Let w(a) = -a**3 + 46*a**2 - 127*a + 1545. Calculate w(44).
-171
Let r(p) = -5*p**3 - 32*p**2 + 40*p - 43. What is r(-7)?
-176
Let y(a) = a**3 - 61*a**2 - 2972*a - 403. What is y(93)?
-31
Let h(m) = 3*m**2 - 10*m + 491. Determine h(0).
491
Let a(u) = -84*u + 2068. Determine a(8).
1396
Let b(q) = 2*q**2 - 354*q + 13917. Determine b(118).
-7
Let m(u) = -2189*u + 168399. Give m(77).
-154
Let o(a) = -11*a**3 + 4*a**2 + 464*a - 561. Determine o(6).
-9
Let q(w) = -w**3 + 200*w**2 - 784*w + 782. Give q(2).
6
Let w(t) = -3*t**3 - 48*t**2 - 129*t - 1727. Determine w(-17).
1333
Let y(g) = g**3 - 63*g**2 + 714*g + 229. What is y(48)?
-59
Let n(c) = c**3 - 35*c**2 - 253*c + 3753. Give n(-12).
21
Let h(x) = x**3 + 35*x**2 + 31*x + 196. Give h(-26).
5474
Let w(b) = -b**3 + 177*b**2 + 92*b + 15473. What is w(178)?
165
Let a(c) = 9*c**3 - 80*c**2 - 1056*c + 8956. Give a(8).
-4
Let r(k) = -6742*k + 45940. Calculate r(7).
-1254
Le